{"id":11,"date":"2015-11-05T08:33:37","date_gmt":"2015-11-05T07:33:37","guid":{"rendered":"http:\/\/www.lemsoh.be\/404\/?page_id=11"},"modified":"2023-12-27T16:18:56","modified_gmt":"2023-12-27T15:18:56","slug":"teleassistance","status":"publish","type":"page","link":"https:\/\/www.lemsoh.be\/?page_id=11","title":{"rendered":"T\u00e9l\u00e9-assistance"},"content":{"rendered":"<h2>T&rsquo;es plant\u00e9 sur ton PC et tu as besoins d&rsquo;un peu d&rsquo;aide&#8230;<br \/>\nBon ben voil\u00e0 t&rsquo;es sur la bonne page!<\/h2>\n<p>Pour t&rsquo;aider, je vai prendre le contr\u00f4le de ton PC \u00e0 distance \u00e0 l&rsquo;aide du logiciel \u00ab\u00a0TeamViewer\u00a0\u00bb.<\/p>\n<ul>\n<li><a href=\"http:\/\/download.teamviewer.com\/download\/TeamViewerQS_fr-iyd.exe\" target=\"_blank\" rel=\"noopener\"><img loading=\"lazy\" decoding=\"async\" class=\"size-full wp-image-115 alignright\" src=\"http:\/\/www.lemsoh.be\/404\/wp-content\/uploads\/2015\/11\/TeamViewer01.png\" alt=\"TeamViewer01\" width=\"237\" height=\"62\" \/><\/a>Clique sur le logo bleu \u00ab\u00a0TeamViewer\u00a0\u00bb ci-dessous.<\/li>\n<li>T\u00e9l\u00e9charge\/enregistre le logiciel propos\u00e9 et ex\u00e9cute le.<br \/>\n<em>Rien ne sera install\u00e9, il r\u00e9sidera simplement en m\u00e9moire jusqu&rsquo;\u00e0 ce que tu le fermes.<\/em><\/li>\n<li>Une fois d\u00e9marr\u00e9, pour initialiser la connexion et le contr\u00f4le de ton PC, communique moi le num\u00e9ro \u00ab\u00a0Id\u00a0\u00bb (compos\u00e9 de 9 chiffres), ainsi que le mot de passe associ\u00e9 (4 chiffres).<br \/>\n<em>Cette combinaison de chiffres est diff\u00e9rente \u00e0 chaque fois, il ne sera plus possible de prendre \u00e0 nouveau le contr\u00f4le de ton PC \u00e0 l\u2019avenir sans que tu ne communiques une nouvelle combinaison.<\/em><\/li>\n<\/ul>\n<p>Ne touche plus rien, je vois ton \u00e9cran et j&rsquo;ai le contr\u00f4le de ton PC!<\/p>\n","protected":false},"excerpt":{"rendered":"<p>T&rsquo;es plant\u00e9 sur ton PC et tu as besoins d&rsquo;un peu d&rsquo;aide&#8230; Bon ben voil\u00e0 t&rsquo;es sur la bonne page! Pour t&rsquo;aider, je vai prendre le contr\u00f4le de ton PC \u00e0 distance \u00e0 l&rsquo;aide du logiciel \u00ab\u00a0TeamViewer\u00a0\u00bb. Clique sur le logo bleu \u00ab\u00a0TeamViewer\u00a0\u00bb ci-dessous. T\u00e9l\u00e9charge\/enregistre le logiciel propos\u00e9 et ex\u00e9cute le. Rien ne sera install\u00e9, &#8230; <span class=\"more\"><a class=\"more-link\" href=\"https:\/\/www.lemsoh.be\/?page_id=11\">[Read more&#8230;]<\/a><\/span><\/p>\n","protected":false},"author":1,"featured_media":0,"parent":0,"menu_order":0,"comment_status":"closed","ping_status":"closed","template":"","meta":{"footnotes":""},"class_list":["entry","page","publish","author-lemsoh404","post-11"],"_links":{"self":[{"href":"https:\/\/www.lemsoh.be\/index.php?rest_route=\/wp\/v2\/pages\/11","targetHints":{"allow":["GET"]}}],"collection":[{"href":"https:\/\/www.lemsoh.be\/index.php?rest_route=\/wp\/v2\/pages"}],"about":[{"href":"https:\/\/www.lemsoh.be\/index.php?rest_route=\/wp\/v2\/types\/page"}],"author":[{"embeddable":true,"href":"https:\/\/www.lemsoh.be\/index.php?rest_route=\/wp\/v2\/users\/1"}],"replies":[{"embeddable":true,"href":"https:\/\/www.lemsoh.be\/index.php?rest_route=%2Fwp%2Fv2%2Fcomments&post=11"}],"version-history":[{"count":24,"href":"https:\/\/www.lemsoh.be\/index.php?rest_route=\/wp\/v2\/pages\/11\/revisions"}],"predecessor-version":[{"id":368,"href":"https:\/\/www.lemsoh.be\/index.php?rest_route=\/wp\/v2\/pages\/11\/revisions\/368"}],"wp:attachment":[{"href":"https:\/\/www.lemsoh.be\/index.php?rest_route=%2Fwp%2Fv2%2Fmedia&parent=11"}],"curies":[{"name":"wp","href":"https:\/\/api.w.org\/{rel}","templated":true}]}}